6 = -2*x - 3*n. What is h(x)?
6
Let y be ((-6)/5)/(3/10). Let o(m) be the second derivative of m**4/24 + 5*m**3/6 + 2*m**2 - 3*m. Let k(x) be the first derivative of o(x). Give k(y).
1
Let x(u) = u**2 - 1. Let w(r) = -2*r**2 + 6*r + 9. Let h(l) = w(l) + 3*x(l). Let a = -7 + 3. Calculate h(a).
-2
Let m(o) be the first derivative of o**2/2 + 3*o - 3. Determine m(9).
12
Let u(g) = g**2 - g - 3. Let w be (-8)/(-12) + 2/(-3). Give u(w).
-3
Let h(a) be the third derivative of -10*a**2 + 0*a + 0 - 1/30*a**5 + 0*a**3 + 1/8*a**4. Let x be 3/(2 - (-1)/(-2)). Give h(x).
-2
Let j(n) = -n**2 - n + 5*n**2 + n**2 - n**3. Let w = 15 - 6. Suppose -4*r + 11 = -w. Calculate j(r).
-5
Suppose n + f = 2, 4*f = 2*n - 7*n + 8. Let w(z) = -z + 3*z - z + n*z. Determine w(1).
1
Let v(n) = -5*n**2 + 23*n - 23. Let u(b) = 3*b**2 - 15*b + 15. Let o = 4 + 4. Let z(y) = o*u(y) + 5*v(y). Let l = -11 - -7. Calculate z(l).
9
Suppose 12*p - 4 = 16*p. Let a(x) = 5*x - 3. Let i(l) = l - 1. Let m(w) = p*a(w) + 2*i(w). What is m(-5)?
16
Let i(v) = -v**3 - 6*v**2 + 8*v - 2. Let h(a) = a**3 - 5*a**2 - 2*a + 3. Let q be h(5). Calculate i(q).
-9
Let l(b) be the third derivative of -b**4/24 - b**3/6 - b**2. Let q = -5 - 4. Let t = q - -14. Determine l(t).
-6
Let p(l) = -l + 9. Let r be 10 + (4 + -8)/4. Give p(r).
0
Let w(n) = 2*n + 3*n - 7*n. Let r(y) = y + 1. Let i be r(-2). Give w(i).
2
Suppose 2*d - 11 = 3*d - 5*i, -5*d - 4*i + 32 = 0. Let o(x) = x**2 - 5*x - 1. Calculate o(d).
-5
Suppose 5*h = 4*i - 17, 2*i = -2*h + 3 + 1. Suppose -k + i*k + 13 = 3*v, 5*v - k - 17 = 0. Let l(w) = w + v*w - w**2 + w**3 + 4 - 5*w. Determine l(0).
4
Let w(x) be the second derivative of -2*x + 0 - 1/6*x**3 + 7/2*x**2. Determine w(0).
7
Let t(o) = o**2 - 2*o - 3. Let x be t(4). Let k(n) = n - 5. What is k(x)?
0
Let s(f) = -7*f + 1. Let b(x) be the first derivative of 3*x**2 - x - 5*x**2 + 2 + 6*x**2. Let k(m) = -6*b(m) - 7*s(m). Give k(-4).
-5
Let a(i) = 10*i - 1. Let l(s) = 41*s - 5. Let q(f) = -9*a(f) + 2*l(f). Let p(u) = 3*u. Let r(n) = 7*p(n) + 2*q(n). Determine r(2).
8
Let r(a) = -4*a. Suppose 0 = -5*c - 4*w + 3, 3*c - 3*w = -0*w - 9. Calculate r(c).
4
Suppose u + 7 = 2*u + 2*w, 2*w + 18 = 4*u. Let c(a) = -a**2 + 5*a + 1. Determine c(u).
1
Let o(r) be the third derivative of r**5/60 + r**4/12 + r**3/3 + 13*r**2. Give o(-4).
10
Let t(q) = -q**2 + 2*q + 1. Let r be 132/27 + 4/36 + -3. Give t(r).
1
Suppose 3 = -j + 8. Suppose -20 = 4*n + k + 3*k, -13 = n + j*k. Let g(u) = u**2 + 4*u - 1. Determine g(n).
-4
Let z(l) = -l**2 - l + 2. Let b be 1/3*(-4 - -7). Let a = -1 - b. Calculate z(a).
0
Suppose -12 = 3*t - 3*f, -2*t - 3*f + 3 = -14. Let o be 9/(-6)*6/(-9). Let j be (t - 3)*(2 - o). Let i(x) = x - 1. Give i(j).
-3
Let n = -25 + 28. Let f(i) = 2*i**2 + 0*i**2 - 2*i**3 - 1 + i**3. Calculate f(n).
-10
Let u = 5 - 1. Suppose -3*f - 2 - 2 = -m, -u*m + 5*f = -16. Let x(w) = w**2 - 2*w - 1. Determine x(m).
7
Let s(d) be the third derivative of 5/3*d**3 + 1/120*d**6 + 1/24*d**4 + 0 + 0*d + 1/60*d**5 + d**2. Suppose 2*u = -0*u. Determine s(u).
10
Let n(f) = f**2 - 6*f + 4. Let h be n(5). Let j(o) = -9*o + 1. What is j(h)?
10
Let m(d) = d. Suppose -r + 59 = -0*a - 2*a, -3*a = -r + 87. Let c be a/10 - 9/45. Let l be -1*(c - (-1 + 2)). Give m(l).
4
Let h(u) be the third derivative of -u**5/60 - 5*u**4/24 + 5*u**3/6 + 23*u**2. What is h(-6)?
-1
Let c(q) = -3*q**3 + 2*q**2 - 1. Let f be 7/(-2) + (-1)/(-2). Let y = f - -2. What is c(y)?
4
Let t(h) = -h - 5. Let r(c) = 2*c + 3. Let l be r(-7). Let j = -7 - l. Let a be (-1)/j - (-30)/(-8). Determine t(a).
-1
Let v(g) = g**2 - 8. Let h be v(3). Let z(d) = -8*d**2 + d - 1. Give z(h).
-8
Let d = 4 + -7. Let k = 3 + d. Suppose u + u = k. Let g(t) = t**2 - t + 3. Give g(u).
3
Let p(d) = 23*d**2 - 24*d**2 + 5*d + d. Suppose -29 = -f - 2*t + 1, 90 = 3*f - t. Let x be 2/(-3*(-4)/f). Give p(x).
5
Let z(d) = -d**3 - 11*d**2 - 8*d. Let t(x) = x**3 + 10*x**2 + 7*x. Let c(m) = -6*t(m) - 5*z(m). What is c(-2)?
-8
Let g(o) = 13*o - 6*o**2 - 2 - 18*o + 2*o**2 - o**3. What is g(-3)?
4
Let s(x) = x**3 + 4*x**2 - 3*x + 7. Let u = -17 - -12. Let r = 8 - u. Suppose 4*y + 33 = r. Calculate s(y).
-3
Let x(b) = -b**3 - 8*b**2 + 2*b + 11. Let w(i) = -7*i**2 - 1. Let q be w(1). Determine x(q).
-5
Let l(y) = y. Let f = -7 - -1. Let m(q) = q**2 + 6*q - 5. Let a be m(f). Calculate l(a).
-5
Let o(h) = -3*h - 18. Let w be o(-8). Let q(y) = 2*y + 3. Determine q(w).
15
Let m = -3 + -1. Let n(w) = 7*w**2 - 2 - 16*w**2 + 5*w**2 + 3*w**2 - 4*w. What is n(m)?
-2
Let i(a) = -2*a**2 - 4*a - 2. Let s be i(-2). Let r(u) = u**2 + 2*u - 1. Calculate r(s).
-1
Let g(p) = 13*p + 3 - 10*p - 2*p. What is g(2)?
5
Suppose 2*t = -t - 15. Let s(j) = 2*j + 1. Let q(h) = -13*h - 7. Let k(o) = -q(o) - 6*s(o). Calculate k(t).
-4
Suppose 0 = -3*c + 3*s, -1 = c + 5*s - 13. Suppose c*h - 4 = h. Let o(p) = -p**3 + 3*p**2 + 2*p - 1. Calculate o(h).
-9
Suppose -5 + 40 = 7*g. Let b(s) = -2*s - 5. Determine b(g).
-15
Let v(j) = 7*j**3 + 11*j**2 - 8*j - 2. Let h(b) = -20*b**3 - 32*b**2 + 24*b + 6. Let z(g) = -6*h(g) - 17*v(g). What is z(-6)?
10
Let v(h) be the second derivative of -h**5/20 + h**4/4 - h**2/2 - 28*h. What is v(3)?
-1
Let p be -2 + -2 - (1 + 1). Let f be 8/(p/(-2) + -1). Let m(a) = a**3 - 3*a**2 - 7*a + 5. Calculate m(f).
-7
Let k(d) = -23*d + 1 - 2 + 19*d. What is k(-1)?
3
Let o(k) = -3*k + 2*k**2 - k**2 + 5 - 4*k. Let j = 224 - 218. Calculate o(j).
-1
Let d(s) = s**3 - 5*s**2 + 2*s + 4. Let h be 6/4*(-12)/(-3). Let t = 2 + 1. Suppose 2*w = -5*r + h*w + 8, 0 = -w + t. Determine d(r).
-4
Let o(m) = -m**2 - 5*m - 2. Let a be o(-3). Let d(b) be the first derivative of 0*b**2 - 1 + 1/3*b**3 - 5*b + 1/4*b**a. Calculate d(0).
-5
Suppose -2 = -4*z + 2*v, 0 = -v - 1 + 4. Suppose z*t = t + 15. Suppose -2*n + 6 = n, 0 = 3*k + 3*n - t. Let r(s) = -2*s - 3. What is r(k)?
-9
Suppose 0*m = -14*m. Let j(s) = -s - 11. Calculate j(m).
-11
Let b(x) = 5 - 2*x + 3*x - 3*x + x**2 + x. Calculate b(0).
5
Let d(z) = 10*z + 3. Let p(t) = 7*t + 2. Let b(f) = 5*d(f) - 7*p(f). Let u = 9 - 5. Determine b(u).
5
Let o(p) = p**3 + 3*p**2 - 5*p - 4. Let c = 19 + -23. Determine o(c).
0
Let i be -1*4 - (-1)/1. Let t(l) = -2*l - 5*l + l - l**2. What is t(i)?
9
Let h be 4 - ((-6)/(-3) - 2). Let p(x) = x**3 - 16*x - 3*x**2 + 7*x + 4*x + 2 + 0*x**3. Give p(h).
-2
Let q be (4/(-6))/((-8)/204). Suppose 4*v - 1 = -q. Let j(l) = -l**3 - 5*l**2 - l + 5. Determine j(v).
-7
Let b(v) = v**2 + 2*v. Let f be b(-3). Suppose 3 = -2*q - f. Let o(l) = l**2 - 4. What is o(q)?
5
Let a(w) = 2*w**2 + 1. Let s be -2 + 1 - (0 - -2). Let c be s/(-18) - 62/12. Let u = c + 6. What is a(u)?
3
Let d(s) be the first derivative of -2*s**2 - 16. Calculate d(-1).
4
Let w(g) = -g**3 + 13*g**2 - 9*g - 37. Let t be w(12). Let h(u) = -7*u**3 - 1. What is h(t)?
6
Let z be (-12)/(-9) + 2/3. Suppose 2*s + 0*s + z = 0. Let j(v) be the second derivative of -5*v**4/12 + v**3/6 - v. Calculate j(s).
-6
Let b(r) = 4*r - 3. Let o = 14 + -10. Determine b(o).
13
Let m(g) = g - 10. Let n be m(4). Let d(b) = b**3 + 5*b**2 - 7*b - 8. Give d(n).
-2
Let p = -6 + 10. Let n(s) be the second derivative of -s**3/3 + 3*s**2 - s. What is n(p)?
-2
Let b = -14 - -17. Let j(x) = -b + 4 - x - 2. Give j(3).
-4
Suppose 53*a = 54*a - 8. Let g(f) = -f**3 + 9*f**2 - 9*f + 4. Calculate g(a).
-4
Let g(y) = -y**2 - y + 1. Let n(d) = d**3 + d - 9. Let k(z) = -5*g(z) - n(z). Determine k(6).
-8
Let s(u) = -3*u + 5. Let t(j) = -6*j + 9. Let l(w) = -9*s(w) + 5*t(w). Let q be l(-2). Let m(p) = -p**3 + 5*p**2 + 6*p - 2. Give m(q).
-2
Let k(l) = l**3 - 4*l**2 - 5*l + 3. Let g be k(5). Suppose -5*m = -2*m - 15. Let b(f) = -g - 2*f + 1 - m. Give b(-6).
5
Let h be 2/(-2) + 3/1. Let a(q) = 2*q**2 + q**h - 5 + 4*q - 4*q**2. Suppose 467*w - 475*w + 32 = 0. Determine a(w).
-5
Suppose 0 = -2*k + 6 - 2. Let p = k - 0. Let o(b) = -p*b + 1 - 1 + 5 + b. Give o(5).
0
Let q(k) = 4 - 2 - 1 + k - 2 + k**2. Let z be q(0). Let j(l) be the second derivative of 7*l**5/20 - l**3/3 - l**2/2 + l. Give j(z).
-6
Let q be -1*(-1 + -4 + 4). Let t(i) be the first derivative of -i**4/2 - 2*i**3/3 + i**2/2 + 3. Give t(q).
-3
Let r(d) = 5*d - 4*d**2 + 2*d**2 + d**2 - 1. Let f be (-14 + 10)*10/(-8). What is r(f)?
-1
Let h(n) = 2*n - 3. Suppose -3*i + 9 = -3